61
Calculate the highest common divisor of 750 and 72158250.
750
What is the highest common divisor of 4602 and 15419178?
354
What is the greatest common divisor of 8186 and 358?
2
What is the greatest common divisor of 37 and 109425?
1
What is the highest common factor of 27261 and 12987?
117
Calculate the greatest common divisor of 10560 and 61160880.
2640
Calculate the greatest common factor of 319640960 and 30.
10
What is the greatest common divisor of 96 and 1312149?
3
What is the greatest common divisor of 896 and 5229488?
16
What is the highest common factor of 54996 and 214908?
12
What is the highest common factor of 1109916 and 29025?
1161
Calculate the highest common factor of 555 and 2953913130.
555
Calculate the highest common factor of 5792 and 140650756.
724
Calculate the highest common factor of 243148647 and 42.
21
Calculate the highest common divisor of 232800 and 1457425.
2425
What is the greatest common divisor of 14942034 and 873?
9
Calculate the greatest common divisor of 17547150 and 750.
150
Calculate the greatest common factor of 303004 and 314444.
52
Calculate the highest common factor of 19817 and 1200990.
133
Calculate the highest common divisor of 16592 and 1587647.
1037
What is the highest common factor of 889098 and 501?
3
Calculate the greatest common factor of 107784 and 5184.
216
What is the greatest common factor of 138483 and 26703?
621
Calculate the highest common factor of 42432423 and 2634.
1317
What is the highest common factor of 151803 and 573579?
909
What is the greatest common divisor of 177216 and 3640596?
852
Calculate the greatest common divisor of 1716141 and 362313.
1491
Calculate the highest common factor of 90733206 and 2208.
138
What is the greatest common divisor of 2 and 115018180?
2
Calculate the highest common divisor of 6825760 and 185.
185
What is the greatest common divisor of 2680237 and 58681?
707
Calculate the greatest common divisor of 15795 and 602290.
65
Calculate the highest common factor of 1540 and 3193108380.
1540
What is the greatest common factor of 87773880 and 680?
40
What is the highest common divisor of 512 and 178735616?
512
What is the greatest common factor of 26367 and 7875743?
799
What is the greatest common divisor of 810 and 5610546?
162
What is the highest common divisor of 1727 and 81301979?
1727
What is the highest common factor of 16029360 and 6232?
328
What is the highest common factor of 308363 and 479083?
1067
Calculate the highest common factor of 310060 and 68716.
1676
Calculate the highest common divisor of 32 and 5457376.
32
Calculate the greatest common factor of 65044983 and 1107.
123
What is the highest common factor of 143277 and 301387?
163
What is the highest common divisor of 33649495 and 15730?
605
What is the highest common divisor of 2040 and 42775230?
510
Calculate the greatest common factor of 320104421 and 35.
7
What is the highest common divisor of 38270799 and 5215?
1043
Calculate the highest common divisor of 32742831 and 2013.
33
What is the greatest common factor of 29743 and 117151?
607
What is the highest common factor of 765 and 588425?
5
What is the greatest common factor of 25 and 1206935?
5
Calculate the highest common divisor of 43521341 and 1465.
293
What is the greatest common divisor of 11947 and 943137?
13
Calculate the highest common divisor of 312245298 and 18108.
9054
Calculate the greatest common divisor of 24589136 and 4576.
2288
Calculate the greatest common divisor of 5259314 and 76.
38
What is the highest common factor of 34047 and 2843555?
1261
What is the greatest common factor of 25408352 and 456?
8
What is the highest common divisor of 812013 and 6413?
53
What is the greatest common divisor of 2780 and 3774684?
556
Calculate the greatest common divisor of 8280 and 1315980.
180
What is the highest common factor of 232996 and 86?
2
What is the highest common divisor of 230343697 and 36718?
1669
Calculate the greatest common divisor of 531 and 54633351.
177
Calculate the highest common factor of 3388800 and 15520.
160
Calculate the highest common divisor of 3927 and 124432.
77
What is the highest common divisor of 1452 and 609609858?
726
What is the greatest common factor of 1595026293 and 5348?
1337
What is the greatest common factor of 6282 and 101348204?
698
What is the highest common divisor of 13900 and 386420?
2780
What is the highest common factor of 1812 and 11196?
12
Calculate the greatest common factor of 488 and 289392.
8
What is the highest common factor of 233810 and 52736?
206
Calculate the highest common divisor of 459 and 383231.
17
What is the greatest common factor of 381864 and 85344?
168
What is the highest common divisor of 7394224 and 55238?
142
What is the greatest common factor of 10208 and 4605084?
1276
Calculate the highest common factor of 83730856 and 22264.
2024
What is the highest common divisor of 1879805 and 2449?
79
What is the highest common factor of 805204 and 6094709?
4283
What is the greatest common divisor of 105021 and 773955?
63
What is the greatest common divisor of 2394 and 6167457?
171
Calculate the greatest common divisor of 1937628 and 2330.
466
What is the highest common factor of 27984396 and 13068?
1452
Calculate the greatest common divisor of 8 and 18711.
1
Calculate the highest common divisor of 697 and 3925861.
17
What is the greatest common factor of 104 and 10465793?
13
What is the highest common factor of 47200 and 1711?
59
Calculate the greatest common divisor of 126470988 and 31815.
6363
What is the greatest common divisor of 442786363 and 23?
23
What is the highest common factor of 2774 and 232066?
38
What is the highest common divisor of 49046 and 151522?
274
Calculate the highest common factor of 38290219 and 22.
11
What is the highest common divisor of 9779 and 289619?
11
Calculate the highest common factor of 4387 and 5689297.
107
Calculate the highest common divisor of 685857717 and 41.
41
Calculate the greatest common factor of 201914240 and 138.
46
Calculate the greatest common divisor of 21062 and 1858.
2
Calculate the greatest common factor of 4491940 and 50.
10
What is the greatest common factor of 122860 and 5500?
20
What is the greatest common factor of 93370 and 6980?
10
What is the highest common divisor of 4640 and 8886240?
160
What is the greatest common factor of 17339418 and 18?
18
What is the highest common divisor of 306667 and 2025778?
683
Calculate the highest common factor of 9610 and 43040.
10
Calculate the greatest common factor of 93 and 73407.
3
Calculate the highest common factor of 5971040 and 152.
8
What is the highest common factor of 271358523 and 118?
59
Calculate the greatest common divisor of 65 and 58663345.
65
What is the highest common divisor of 3564 and 659032?
44
What is the greatest common divisor of 235367768 and 976?
488
Calculate the highest common factor of 23948960 and 1568.
224
What is the greatest common divisor of 1824 and 1047483680?
608
Calculate the greatest common divisor of 146415693 and 87.
87
Calculate the highest common factor of 41266 and 84647.
47
Calculate the highest common divisor of 53144 and 162.
2
What is the highest common factor of 35 and 18905929?
7
What is the greatest common divisor of 727512 and 6888?
24
Calculate the greatest common factor of 747448 and 364.
52
Calculate the greatest common factor of 188 and 21347036.
4
Calculate the highest common factor of 1194 and 41944026.
1194
What is the highest common divisor of 302 and 1770022?
302
What is the greatest common divisor of 27113 and 47785?
19
Calculate the greatest common factor of 7579 and 2840123.
143
What is the highest common factor of 4845 and 39284229?
969
What is the greatest common factor of 477 and 2229445?
53
Calculate the highest common factor of 646 and 97165132.
34
What is the highest common divisor of 45 and 10045257?
3
Calculate the greatest common divisor of 835 and 270303695.
835
Calculate the greatest common divisor of 13 and 1769314716.
13
What is the greatest common factor of 3604 and 50280676?
212
What is the highest common divisor of 2240239 and 3?
1
What is the greatest common factor of 100860 and 3188980?
820
What is the highest common factor of 1048208 and 16?
16
Calculate the greatest common factor of 